2)/(12/10 + -1). Calculate the remainder when 0 + 256 + -2*(z - -8) is divided by 29.
28
Let z(v) = 12*v - 6. Calculate the remainder when z(4) is divided by 67/6 - (-271)/(-1626).
9
Let u(t) = -36*t + 3116. What is the remainder when u(24) is divided by 49?
47
Let f be 4*(-179)/2*(-1)/2. Let p = 227 - f. Calculate the remainder when 237 is divided by p.
45
Suppose -13*r + 13*r - 6902 = -58*r. What is the remainder when r is divided by 61?
58
Suppose -5*y = h + 3*h - 966, -248 = -h + 2*y. Suppose -3*x = x - h. What is the remainder when x is divided by (-2 + (-10)/3)/(17 + (-364)/21)?
13
Calculate the remainder when 648/2 - (-17)/(-68)*32 is divided by 152.
12
Suppose -2*f - 6 = 65*u - 67*u, 9 = 2*u - f. Suppose -4*b + 8 + 2 = -5*o, -4*b = -o - 18. What is the remainder when u is divided by b?
1
Let o = 214 + -52. What is the remainder when o is divided by (4/5)/(-1) + 837/15?
52
Let h be 1/(-3) + (-110)/(-6). Let f be (-4)/12*-2*h. Calculate the remainder when 7 - (-195)/f - (-1)/(-4) is divided by 6.
5
Let s(a) = a**3 + 37*a**2 - 123*a + 124. What is the remainder when s(-40) is divided by 42?
34
Suppose 139291 = 349*l + 38430. Calculate the remainder when 307 is divided by l.
18
Let c(u) = -2*u**3 - 4*u**2 - 8*u + 24. Let n be c(-8). Let s = 870 - n. What is the remainder when 77 is divided by s?
7
Suppose 0 = -3*p, 3*p + 5 = -4*w + 9. Let i(n) = 29*n - 9. Calculate the remainder when i(w) is divided by 2.
0
Suppose 5*v = -4*f - 32, -2*f = -5*f + 5*v + 11. Let j be 3/4 + 142/(-8)*f. Suppose 4*a = -5*a + j. What is the remainder when 17 is divided by a?
5
Calculate the remainder when 8*(-16)/(-576) + (-64688)/(-18) is divided by 41.
27
Suppose -11*w = -8549 + 5524. What is the remainder when w is divided by 40?
35
Suppose 10*f - 12248 + 6388 = 0. Calculate the remainder when f is divided by 76.
54
Let k(a) = 44*a - 207. Let s be k(6). Suppose -3*o - 12*q + 90 = -9*q, 3*q - s = -2*o. Calculate the remainder when 84 is divided by o.
18
Suppose 6*i + 157348 - 203116 = 0. What is the remainder when i is divided by 24?
20
Suppose 0 = 692*r - 703*r + 253. Suppose 0 = -4*p + 4*o - 0*o + 1108, 0 = -4*o - 8. What is the remainder when p is divided by r?
22
Let v(p) = -p**2 + 26*p - 39. Let c be v(25). Let x = 6 - c. What is the remainder when -85*(-9)/(225/x) is divided by 23?
22
Let t = -24227 - -24311. Calculate the remainder when t is divided by (-1)/((-2)/(-22)*-1).
7
Suppose 352 = f - 7*p + 3*p, -3*f = 2*p - 1000. Let n = -169 + f. Calculate the remainder when n is divided by 17.
14
Let c be -3 - (2 - 2) - 2. What is the remainder when ((-91)/(-5) - c/(-25)) + 3 is divided by 13?
8
Suppose 6*r = -347 - 787. Let u = r - -232. Let b = -8 - -13. What is the remainder when u is divided by b?
3
Let r = 27 + -19. Suppose -5*d = -d + r, -3*b - 2*d = -95. What is the remainder when (-1390)/(-22) + 2*(-3)/b is divided by 14?
7
Let m = 54 + -18. Suppose -3*k + a + 325 = -0*k, -4*k + 416 = 3*a. Calculate the remainder when k is divided by m.
35
Suppose 7*u - 2*u = 20. Let l(w) = -w**3 + 2. Let r be l(0). Suppose 103 = 5*y - u*g + r*g, 4*g = -2*y + 46. Calculate the remainder when 81 is divided by y.
18
Let v = 34 - -5. Suppose m = -4*f + 22 + v, -2*m = 5*f - 80. Let w = 35 - f. Calculate the remainder when w is divided by 3.
0
Let x = -136 - -222. Calculate the remainder when x is divided by 19 - (-20 + 27) - ((2 - 1) + 0).
9
Suppose -5*o = 4*u - 177, -2*o - 16 + 73 = -3*u. What is the remainder when 931 is divided by o?
7
Let v be 17/51 + 5595/9. Let b = -287 + v. What is the remainder when b is divided by 21?
20
Suppose 2*d = 4*d + 4*g + 568, -4*d - 1121 = 3*g. Let w = d + 493. What is the remainder when w is divided by 9?
8
What is the remainder when 140 is divided by -6 - (-9 - 34) - -7?
8
Suppose 0 = 4*x + 40 - 104. Let m = -12517 + 12576. What is the remainder when m is divided by x?
11
Suppose 4*c = -2*y + 68858, -116626 - 21051 = -4*y + 5*c. Calculate the remainder when y is divided by 75.
73
Suppose 4*i + o = 350, i - 6*o = -4*o + 92. Suppose -2*d = -108 + i. What is the remainder when 55 is divided by d?
5
Suppose -2*f + 14 = -0*f. Let a(w) = 12 + 3*w + f - 4 - 2*w. What is the remainder when 48 is divided by a(-8)?
6
Suppose 2*y = 19 + 13. Let q = -29 + 42. Let i = q - -12. What is the remainder when i is divided by y?
9
Calculate the remainder when 1072 is divided by ((-660)/25)/(((-23)/(-92))/(20/(-6))).
16
Suppose 2*h + 32 = 3*g, -h - 11 = -0*g - g. Suppose -5*c - 95 = 35. Let f = 64 + c. Calculate the remainder when f is divided by g.
8
Suppose -k - 2*r + 72 = 0, 3*k = -5*r + 210 + 11. What is the remainder when k is divided by 0 + 1 + -2 - -13?
10
Let w = 2 + 0. Let p = 107 + -108. Calculate the remainder when 44 - 42 - (-1 - p)*1 is divided by w.
0
Let c(j) = 14*j**2 + 152*j + 1. Calculate the remainder when 1240 is divided by c(-14).
6
Let u = -33 - -50. Suppose -2*l + 246 = 3*w + 149, -3*w + 4*l + 85 = 0. Calculate the remainder when w is divided by u.
14
Suppose 3*i - 27 - 174 = 0. Suppose -5*f + 158 + 63 = 4*j, -4*f + 4*j + 112 = 0. Calculate the remainder when i is divided by f.
30
Let c = 1439 + -597. Suppose 5*s - 5*g - 118 = c, -3*s + 570 = 3*g. What is the remainder when s is divided by 48?
47
Suppose 8*m = 186 + 54. Suppose 32*q - 16 = m*q. Let r(a) = 8*a - 32. Calculate the remainder when r(q) is divided by 17.
15
Let g = -943 + 944. Suppose -j = 2*n + 57, 3*n + 87 = 2*j - 2. Let z = g - n. What is the remainder when z is divided by 8?
6
Suppose 0 = -b + 5 + 28. Let v(y) = -6*y**3 + 8*y - 7. Calculate the remainder when v(-3) is divided by b.
32
Let c = 746 - 735. What is the remainder when 70 is divided by c?
4
Suppose -m = 6*m - 385. Suppose -3*c = -101 - m. What is the remainder when 221 is divided by c*(-4)/(-16) + 3*1?
13
Let l(h) = -h**3 - 2*h**2 - h - 47. Let b be l(0). Let j = -4 - b. What is the remainder when j is divided by 35?
8
Suppose 24339 = -23*q + 84*q. What is the remainder when q is divided by 68?
59
What is the remainder when -3 - -193 - (2 - -1) is divided by 185?
2
Suppose 2*o + 756 = 3006. Suppose 0 = 1118*q - o*q + 287. Let u(i) = i + 1. What is the remainder when q is divided by u(5)?
5
Let k = 3449 - 3230. What is the remainder when k is divided by 109?
1
Let d = -10140 - -10458. What is the remainder when d is divided by 139?
40
Let y(m) = 326*m + 6. Suppose -22*l + 46 = -17*l - 54. Calculate the remainder when y(2) is divided by l.
18
Let l(r) = 2*r**2 - 2*r - 2. Let f = 1001 - 947. Suppose 0*z - f*z + 1188 = 0. Calculate the remainder when z is divided by l(2).
0
Suppose j = 2*x - 570, -x + 6*x = 3*j + 1423. Calculate the remainder when 127 is divided by (-3 + x)*(-4 - (-119)/28).
56
Suppose -10*u + 4406 = 4*v - 11*u, -5*u = -10. Calculate the remainder when v is divided by 24.
22
Let s(g) = -21*g**2 - 7. Let h(t) = 31*t**2 + 11. Let j(w) = -5*h(w) - 8*s(w). What is the remainder when j(-2) is divided by 30?
23
Suppose -14*z + 14 + 14 = 0. Suppose 2*t = -5*q + 291, 2*t - z*q - 76 = 222. What is the remainder when t is divided by 10?
8
Suppose 5*n = 7*n - 3*m - 215, 0 = 5*n - m - 544. Suppose 9*d - 5*d = 280. Suppose 0 = -22*z + 17*z + d. Calculate the remainder when n is divided by z.
11
Suppose 0 = -20*t + 10 - 70. Calculate the remainder when 334 is divided by 4/t*2*(-22 + 16).
14
Suppose -15*u - 217 = -562 - 1395. What is the remainder when 145 is divided by u?
29
Suppose 3*l + r - 20 = 0, l = 3*l - 4*r - 4. Let w = -8286 + 8584. Calculate the remainder when w is divided by l.
4
Let a be 57/(-76) + 2/(-8). Let s(k) = 123*k**2 - 3*k - 4. What is the remainder when s(a) is divided by 25?
22
Suppose 48*f - 93*f = -450. What is the remainder when 39 is divided by f?
9
Let c(q) = q**3 + 10*q**2 + 5*q - 21. Let k be c(-9). Suppose -s - g = -k, 0 = -4*s + g - 13 + 93. What is the remainder when s is divided by 12?
7
Let v(c) = 6*c - 5. Let x(a) be the first derivative of 4*a**3/3 - 17*a**2 - 10*a + 255. Calculate the remainder when v(6) is divided by x(9).
7
Suppose 5*v - 5*o - 2 = 23, 0 = -3*o + 6. Suppose 2*j - 23 = -3*i, 4*j + 4*i - 17 = 19. Suppose -j*w + 7 = -13. Calculate the remainder when v is divided by w.
2
Suppose -967*o = -938*o - 921 + 167. What is the remainder when 24049 is divided by